, 5
Let k(i) = -2*i - 12. Let v be k(-7). Suppose 0 = -5*d + v*g - 7*g - 65, -3*d = -g + 59. What are the prime factors of ((-60)/d)/((-2)/(-9))?
3, 5
Let u = -783 + 2712. Suppose -9*o + u = 282. Let b = o + -129. What are the prime factors of b?
2, 3
Let n be 1/4 - (2598/24 - 11). Let t = 306 - n. What are the prime factors of t?
13, 31
Let w = -1684 + 1129. Let u = w - -569. What are the prime factors of u?
2, 7
Let g be (2 - -1)/(((-9)/(-12))/(-1)). Let t(i) = -4*i**3 - i**2 - 2. Let m be t(g). Suppose -5*s + m = -3*s. What are the prime factors of s?
7, 17
What are the prime factors of (5 - 0) + (2407 - 24)?
2, 3, 199
Suppose -6*i + 10*i = -y + 693, 0 = -3*i - y + 520. Let s = -12 + -70. Let h = s + i. What are the prime factors of h?
7, 13
Suppose -125*c + 50*c = -388425. List the prime factors of c.
5179
Suppose o + 2*o = 0. Suppose -5*v = -4*j - 732, o*j - 132 = -v - 4*j. List the prime factors of v.
2, 3
Let o be (2/4)/((-19)/(-76)). Suppose -o*z - 9 = -c, -5*c + 4*z = -4*c - 15. List the prime factors of (-60)/(-18)*c*52/10.
2, 13
List the prime factors of ((-426)/(-355))/((1/25)/(67/1)).
2, 3, 5, 67
Suppose 3*b = -7*b + 20. Let c be 9*(-40)/84 + b/7. Let j(a) = -42*a + 12. What are the prime factors of j(c)?
2, 3, 5
Let o(z) = z + 17. Let v be o(-13). Let i = -4 + v. Suppose 0*y - 2*y = -t + 12, i = -5*y - 10. What are the prime factors of t?
2
Let q(d) = 56*d + 79. Let a = 155 - 148. List the prime factors of q(a).
3, 157
Let f = 8975 - -4851. List the prime factors of f.
2, 31, 223
Suppose 9770 = -65*m + 70*m. Suppose -6*r + 3*r + m = -4*u, 2*r - 5*u - 1291 = 0. List the prime factors of r.
2, 7, 47
Suppose 6615 = 29*d - 5069 - 612. What are the prime factors of d?
2, 53
Let n(i) = 890*i - 101. Let t be n(-4). Let g = t - -5222. What are the prime factors of g?
7, 223
Suppose -3*k + 11224 = 4*p - 22235, 2*k - 10 = 0. What are the prime factors of p?
3, 929
Let r(o) = 5*o**2 + 3*o + 10. Let w be r(-3). Suppose -4*k - 3*j = 111, 3*j = 5*k + 113 + w. What are the prime factors of ((-48)/k)/(4/30)?
2, 3
Suppose 326260 = 4*d + 73580. List the prime factors of d.
2, 5, 6317
Let s = -26741 - -44924. What are the prime factors of s?
3, 11, 19, 29
Let i be (0/6)/(6/2). Suppose i*x - 120 = -f + 2*x, -238 = -2*f + 3*x. Suppose 0 = -2*r + 5*b + 339, -r + 21 + f = 4*b. What are the prime factors of r?
157
Suppose c - 12*o + 16*o = 8272, -16479 = -2*c + 5*o. What are the prime factors of c?
2, 2063
Let c = 42 + -38. Suppose 4*y + 0*y = 8, 214 = 2*l + c*y. What are the prime factors of l?
103
Let p be 67 - (7 + -6)/(1/1). Let q = p - 11. Let l = 288 - q. What are the prime factors of l?
233
Let g be 15/(-18) - (-5919)/18. Let v = -235 + g. What are the prime factors of v?
3, 31
Let p(x) be the second derivative of 0 + 1/3*x**3 + 1/12*x**4 + 7*x**5 - x**2 + 24*x. List the prime factors of p(1).
3, 47
List the prime factors of (-1 - 15)*(464/(-174) - 1529/6).
2, 5, 103
Let t(a) = 179*a**2 + 7*a + 8. Let k be t(-1). Suppose b + 4*q = 9 + k, -4*b + 4*q + 816 = 0. What are the prime factors of b?
3, 67
Let t(q) = 598*q + 155. What are the prime factors of t(3)?
1949
Suppose 7 = -3*u + 1243. Suppose -20*z + 5*r = -23*z + u, 672 = 5*z + r. List the prime factors of z.
2, 67
Let g be -4 + 2/(-1)*-2. Suppose -2*o - 289 + 1819 = g. List the prime factors of o.
3, 5, 17
Suppose 3*h - 6935 = 2*x - 751, -5*h + 10309 = -x. List the prime factors of h.
2, 1031
Let o = 25357 - 19500. What are the prime factors of o?
5857
Suppose -2*o - x - 11 = 0, 0 = -x - x - 10. Let s be 1 + ((6/3)/(-2) - o). Suppose -v + 396 = s*v. List the prime factors of v.
3, 11
List the prime factors of 3155230/390 + (-1)/3.
2, 5, 809
Suppose -2*u + 2912 = 3*s - 243, -3*u = -2*s - 4752. Suppose -1590 = -2*v + h, -3*h - u = -2*v - 0*h. What are the prime factors of v?
797
Let d(x) = -5*x + 4. Suppose 52 = -382*w + 380*w. List the prime factors of d(w).
2, 67
Suppose -85*d + 1970123 = -185700 + 352123. List the prime factors of d.
2, 5, 1061
Suppose 33574 = 17*k - 10*k - 15188. What are the prime factors of k?
2, 3, 43
Let d(n) = 2320*n + 6301. List the prime factors of d(9).
7, 11, 353
Suppose 4*k = -2*d + 143608, 3*d - 60936 - 82674 = -4*k. What are the prime factors of k?
3, 3989
Suppose -64*f + 6372 = -6*f + 2022. Let h be ((-1)/(-2))/(1/4). Suppose -h*z - z = -f. What are the prime factors of z?
5
Let a(n) = 83*n**3 + 2*n**2 - 1. Let w be 1/6 + 3/18*17. Suppose w*h = -3*v, 2*v + 7*h - 4*h + 1 = 0. What are the prime factors of a(v)?
2, 3, 7
Let m(q) = -2*q**3 - 16*q**2 - 2*q - 14. Let p be m(-8). Suppose 3*l - 1 = 5. Suppose -l*b - 71 + 289 = p*u, -5*u - 197 = -2*b. List the prime factors of b.
2, 53
Let j be 8/36 + ((-1920)/(-27))/4. Suppose -j*t = -21*t - 9. List the prime factors of (t/2)/(17/(-374)).
3, 11
What are the prime factors of 34775 - -29 - 30 - ((-15)/(-3) - -1)?
2, 41, 53
Let d(t) = -100*t + 60. What are the prime factors of d(-51)?
2, 3, 5, 43
Suppose -7 = n + 3*h, 5*n - 12 - 1 = -3*h. Suppose 2*y - n*p = -p + 1448, -y + 4*p = -732. List the prime factors of y.
2, 179
Let z(v) = v**2 - 33*v - 116. Let p be z(44). What are the prime factors of (55/(-10))/((-2)/p)?
2, 11, 23
Let s be 3/(3/224) - 8/(-2). Let t = 319 - s. What are the prime factors of t?
7, 13
Let l(u) = -u**3 - 13*u**2 + 12*u - 11. Let w be l(-14). Suppose -12*h = -w*h + 380. Suppose 3*i = n - h, 4*n + i = 2*i + 260. List the prime factors of n.
2
Suppose -2*i - 1 = 4*s - 13, 3*s = -4*i + 14. What are the prime factors of (4 - 6)*s + 319?
3, 5, 7
Let w(p) = p**3 - 12*p**2 - 2*p + 27. Let f be w(12). Suppose 10 = f*l - 2. Suppose c + l*c - 675 = 0. List the prime factors of c.
3, 5
Let l(f) be the first derivative of f**4/4 + 13*f**3/3 - 3*f**2/2 - 7*f + 70. List the prime factors of l(-10).
17, 19
What are the prime factors of (-133709)/(-13) - 112/364?
5, 11, 17
Suppose -12*b + 10*b = -5*s + 3727, 4*b - 3*s = -7447. Let d = b - -3045. List the prime factors of d.
2, 37
Suppose -36336 - 636 = -11*n + 9987. List the prime factors of n.
3, 1423
Suppose -3*a = -3*k - 30, -2*a - 16 = -4*k - 46. Let m = -1 + 2. What are the prime factors of 19/(k*m/(-5))?
19
Let p(g) = 98*g**2 + 109*g + 521. What are the prime factors of p(-5)?
2, 1213
Let x = 693 + -703. Let g = -17 - -53. Let l = g + x. What are the prime factors of l?
2, 13
Let x(n) = -n**3 - 26*n**2 - 22*n + 80. Let s be x(-25). Suppose 2339 = 3*d - s*w - 239, -5*w = 2*d - 1677. List the prime factors of d.
23, 37
Let f = -1081 - -10018. What are the prime factors of f?
3, 331
Let g = -55 - -9. Let x = g + 59. Let m = 69 + x. List the prime factors of m.
2, 41
Let i(m) = -123*m - 69. Let u be i(-19). Suppose 0 = f - 15*f + u. What are the prime factors of f?
2, 3
Let b(j) = -118 - 308*j + 1339*j + 94. What are the prime factors of b(1)?
19, 53
Let w(j) = 34*j**2 + 149*j - 1033. What are the prime factors of w(16)?
5, 2011
Let g(b) = -3*b**3 + 10*b**2 + 10*b + 16. Let f be g(-6). Let u = f - 540. What are the prime factors of u?
2, 53
Let x(r) = -1 + 7*r - 487*r**3 - 442*r**3 + 9*r**2 - 636*r**3 + 97*r**3. List the prime factors of x(-1).
13, 113
Let x be (-3 - -1)*(-92)/1. Let h = 36 - 36. Suppose 4*b - 3*y - x = h, -b - b - y + 102 = 0. What are the prime factors of b?
7
Let u(n) = -444*n + 18. Let l be u(-3). Let x = -862 + l. What are the prime factors of x?
2, 61
Let l = 81142 - 52700. List the prime factors of l.
2, 14221
Let k(s) = -81*s - 25. Let x be k(3). Let y = x + 389. What are the prime factors of y?
11
Let z = 56 - 50. What are the prime factors of (2 - z - -77)/(5 - 4)?
73
Let c = -33 + 33. Let o be 36/12 + -1*c/1. Suppose -3*f + 0*f = -o*d + 192, 2*d - 103 = -3*f. List the prime factors of d.
59
Let y(o) = 11573*o + 775. What are the prime factors of y(4)?
3, 29, 541
Let x = -2 + 5. Suppose -5*k - 11 + 41 = 0. Suppose k*a - x*a - 48 = 0. List the prime factors of a.
2
List the prime factors of 16/(-2) + 17186 + 237.
3, 5, 43
Suppose a + 6 = 5*u, 0*u = -3*a - 4*u + 58. Let k be 26850/a + (-14)/(-98). List the prime factors of 4/(-10) - k/(-70).
3
Let h(f) = f**3 + 14*f**2 - 32*f - 2. Let p be h(-16). List the prime factors of (13/26)/(p/(-16))*308.
2, 7, 11
Suppose -33*x = -37*x + 4420. List the prime factors of x.
5, 13, 17
Let j = -85